{"id":10,"date":"2019-08-22T12:18:59","date_gmt":"2019-08-22T10:18:59","guid":{"rendered":"http:\/\/www.prejezdbeskyd.eu\/?page_id=10"},"modified":"2022-03-29T12:05:46","modified_gmt":"2022-03-29T10:05:46","slug":"o-nas","status":"publish","type":"page","link":"https:\/\/www.prejezdbeskyd.eu\/","title":{"rendered":"O projektu"},"content":{"rendered":"<p><span style=\"font-size: 14pt; font-family: helvetica, arial, sans-serif;\">T\u0159i tradi\u010dn\u00ed horsk\u00e9 chaty na h\u0159ebenech Moravskoslezsk\u00fdch Beskyd a Javorn\u00edk\u016f &#8211;\u00a0<strong>chata <span style=\"color: #3366ff;\"><a style=\"color: #3366ff;\" href=\"http:\/\/www.chataprasiva.cz\" target=\"_blank\" rel=\"noopener noreferrer\">Pra\u0161iv\u00e1<\/a><\/span>, <span style=\"color: #3366ff;\"><a style=\"color: #3366ff;\" href=\"http:\/\/chata-kminek.sk\/sk\/\" target=\"_blank\" rel=\"noopener noreferrer\">Km\u00ednek<\/a><\/span> a <span style=\"color: #3366ff;\"><a style=\"color: #3366ff;\" href=\"https:\/\/www.hotelportas.cz\" target=\"_blank\" rel=\"noopener noreferrer\">Port\u00e1\u0161<\/a><\/span><\/strong>\u00a0&#8211; nab\u00edzej\u00ed jedine\u010dnou mo\u017enost cykloturistick\u00e9ho z\u00e1\u017eitku po h\u0159ebeni Beskyd s\u00a0p\u0159enocov\u00e1n\u00edm na t\u011bchto t\u0159ech chat\u00e1ch. A to v\u0161e v jednom bal\u00ed\u010dku za jednu p\u0159\u00edznivou cenu, nav\u00edc s dal\u0161\u00edmi bonusy.<\/span><\/p>\n<p><span style=\"font-size: 14pt; font-family: helvetica, arial, sans-serif;\">N\u00e1v\u0161t\u011bvn\u00edk m\u00e1 mo\u017enost za\u017e\u00edt jednak jedine\u010dnou atmosf\u00e9ru t\u0159\u00ed horsk\u00fdch chat s\u00a0tradi\u010dn\u00ed m\u00edstn\u00ed kuchyn\u00ed a z\u00e1rove\u0148 na vlastn\u00ed smysly okusit zapadl\u00e9 kouty Beskyd s\u00a0hlubok\u00fdmi lesy, ne\u010dekan\u00fdmi samotami, divokou p\u0159\u00edrodou i n\u00e1dhern\u00fdmi v\u00fdhledy do malebn\u00fdch \u00fadol\u00ed Beskyd, absenc\u00ed wifi, mobiln\u00edho sign\u00e1lu, lanovek a z\u00e1stup\u016f turist\u016f.<\/span><\/p>\n<p><span style=\"font-size: 14pt; font-family: helvetica, arial, sans-serif;\">V\u00fdhodou nen\u00ed pouze <strong><span style=\"color: #3366ff;\"><a style=\"color: #3366ff;\" href=\"http:\/\/www.prejezdbeskyd.eu\/?page_id=17\">cena<\/a><\/span> ubytov\u00e1n\u00ed s polopenz\u00ed na t\u0159ech chat\u00e1ch<\/strong>, ale i to, \u017ee v\u0161e objedn\u00e1v\u00e1te a plat\u00edte <span style=\"color: #3366ff;\"><a style=\"color: #3366ff;\" href=\"http:\/\/www.prejezdbeskyd.eu\/?page_id=12\"><strong>na jednom m\u00edst\u011b<\/strong><\/a><\/span>. Bezpe\u010dn\u00e9 uschov\u00e1n\u00ed, p\u0159\u00edpadn\u011b i umyt\u00ed a z\u00e1kladn\u00ed mo\u017enost servisu va\u0161ich bajk\u016f, v\u010detn\u011b mo\u017enosti dobit\u00ed t\u011bch elektrick\u00fdch, je tak\u00e9 samoz\u0159ejmost\u00ed, se kterou se po\u010d\u00edt\u00e1.<\/span><\/p>\n<p><span style=\"font-size: 10pt;\"><a href=\"http:\/\/www.chataprasiva.cz\" target=\"_blank\" rel=\"noopener noreferrer\"><img loading=\"lazy\" decoding=\"async\" class=\"alignnone wp-image-299\" src=\"https:\/\/www.prejezdbeskyd.eu\/wp-content\/uploads\/2020\/07\/logo_prasiva_obdelnik_pozadi-1024x660.png\" alt=\"\" width=\"167\" height=\"108\" srcset=\"https:\/\/www.prejezdbeskyd.eu\/wp-content\/uploads\/2020\/07\/logo_prasiva_obdelnik_pozadi.png 1024w, https:\/\/www.prejezdbeskyd.eu\/wp-content\/uploads\/2020\/07\/logo_prasiva_obdelnik_pozadi-300x193.png 300w, https:\/\/www.prejezdbeskyd.eu\/wp-content\/uploads\/2020\/07\/logo_prasiva_obdelnik_pozadi-768x495.png 768w\" sizes=\"auto, (max-width: 167px) 100vw, 167px\" \/><\/a>\u00a0 \u00a0 \u00a0 \u00a0 \u00a0 \u00a0 \u00a0 \u00a0\u00a0<a href=\"http:\/\/chata-kminek.sk\/sk\/\" target=\"_blank\" rel=\"noopener noreferrer\"><img loading=\"lazy\" decoding=\"async\" class=\" wp-image-287 alignnone\" src=\"https:\/\/www.prejezdbeskyd.eu\/wp-content\/uploads\/2020\/07\/logo_kminek.png\" alt=\"\" width=\"236\" height=\"93\" \/><\/a>\u00a0 \u00a0 \u00a0 \u00a0 \u00a0 \u00a0 \u00a0 \u00a0<a href=\"https:\/\/www.hotelportas.cz\" target=\"_blank\" rel=\"noopener noreferrer\"><img loading=\"lazy\" decoding=\"async\" class=\"alignnone wp-image-35\" src=\"https:\/\/www.prejezdbeskyd.eu\/wp-content\/uploads\/2019\/08\/portas-1024x652.png\" alt=\"\" width=\"161\" height=\"102\" srcset=\"https:\/\/www.prejezdbeskyd.eu\/wp-content\/uploads\/2019\/08\/portas-1024x652.png 1024w, https:\/\/www.prejezdbeskyd.eu\/wp-content\/uploads\/2019\/08\/portas-300x191.png 300w, https:\/\/www.prejezdbeskyd.eu\/wp-content\/uploads\/2019\/08\/portas-768x489.png 768w, https:\/\/www.prejezdbeskyd.eu\/wp-content\/uploads\/2019\/08\/portas.png 1909w\" sizes=\"auto, (max-width: 161px) 100vw, 161px\" \/><\/a><\/span><span style=\"font-size: 10pt;\"><img loading=\"lazy\" decoding=\"async\" class=\"wp-image-30 alignright\" src=\"http:\/\/www.prejezdbeskyd.eu\/wp-content\/uploads\/2019\/08\/ilustrace-267x300.png\" alt=\"\" width=\"101\" height=\"113\" srcset=\"https:\/\/www.prejezdbeskyd.eu\/wp-content\/uploads\/2019\/08\/ilustrace-267x300.png 267w, https:\/\/www.prejezdbeskyd.eu\/wp-content\/uploads\/2019\/08\/ilustrace-768x864.png 768w, https:\/\/www.prejezdbeskyd.eu\/wp-content\/uploads\/2019\/08\/ilustrace-910x1024.png 910w, https:\/\/www.prejezdbeskyd.eu\/wp-content\/uploads\/2019\/08\/ilustrace.png 1937w\" sizes=\"auto, (max-width: 101px) 100vw, 101px\" \/><\/span><\/p>\n<p>&nbsp;<\/p>\n<p><img loading=\"lazy\" decoding=\"async\" class=\"aligncenter wp-image-390\" src=\"https:\/\/www.prejezdbeskyd.eu\/wp-content\/uploads\/2022\/03\/Hrave-pohranici_tmave.png\" alt=\"\" width=\"276\" height=\"107\" srcset=\"https:\/\/www.prejezdbeskyd.eu\/wp-content\/uploads\/2022\/03\/Hrave-pohranici_tmave.png 1008w, https:\/\/www.prejezdbeskyd.eu\/wp-content\/uploads\/2022\/03\/Hrave-pohranici_tmave-300x116.png 300w, https:\/\/www.prejezdbeskyd.eu\/wp-content\/uploads\/2022\/03\/Hrave-pohranici_tmave-768x297.png 768w\" sizes=\"auto, (max-width: 276px) 100vw, 276px\" \/><br \/>\n<img loading=\"lazy\" decoding=\"async\" class=\"aligncenter  wp-image-392\" src=\"https:\/\/www.prejezdbeskyd.eu\/wp-content\/uploads\/2022\/03\/logo_cz_pl_eu.png\" alt=\"\" width=\"824\" height=\"79\" srcset=\"https:\/\/www.prejezdbeskyd.eu\/wp-content\/uploads\/2022\/03\/logo_cz_pl_eu.png 887w, https:\/\/www.prejezdbeskyd.eu\/wp-content\/uploads\/2022\/03\/logo_cz_pl_eu-300x29.png 300w, https:\/\/www.prejezdbeskyd.eu\/wp-content\/uploads\/2022\/03\/logo_cz_pl_eu-768x74.png 768w\" sizes=\"auto, (max-width: 824px) 100vw, 824px\" \/><\/p>\n<p>&nbsp;<\/p>\n","protected":false},"excerpt":{"rendered":"<p>T\u0159i tradi\u010dn\u00ed horsk\u00e9 chaty na h\u0159ebenech Moravskoslezsk\u00fdch Beskyd a Javorn\u00edk\u016f &#8211;\u00a0chata Pra\u0161iv\u00e1, Km\u00ednek a Port\u00e1\u0161\u00a0&#8211; nab\u00edzej\u00ed jedine\u010dnou mo\u017enost cykloturistick\u00e9ho z\u00e1\u017eitku po h\u0159ebeni Beskyd s\u00a0p\u0159enocov\u00e1n\u00edm na t\u011bchto t\u0159ech chat\u00e1ch. A to v\u0161e v jednom bal\u00ed\u010dku za jednu p\u0159\u00edznivou cenu, nav\u00edc s dal\u0161\u00edmi bonusy. N\u00e1v\u0161t\u011bvn\u00edk m\u00e1 mo\u017enost za\u017e\u00edt jednak jedine\u010dnou atmosf\u00e9ru t\u0159\u00ed horsk\u00fdch chat s\u00a0tradi\u010dn\u00ed m\u00edstn\u00ed kuchyn\u00ed [&hellip;]<\/p>\n","protected":false},"author":1,"featured_media":8,"parent":0,"menu_order":0,"comment_status":"closed","ping_status":"closed","template":"","meta":{"footnotes":""},"class_list":["post-10","page","type-page","status-publish","has-post-thumbnail","hentry"],"_links":{"self":[{"href":"https:\/\/www.prejezdbeskyd.eu\/index.php?rest_route=\/wp\/v2\/pages\/10","targetHints":{"allow":["GET"]}}],"collection":[{"href":"https:\/\/www.prejezdbeskyd.eu\/index.php?rest_route=\/wp\/v2\/pages"}],"about":[{"href":"https:\/\/www.prejezdbeskyd.eu\/index.php?rest_route=\/wp\/v2\/types\/page"}],"author":[{"embeddable":true,"href":"https:\/\/www.prejezdbeskyd.eu\/index.php?rest_route=\/wp\/v2\/users\/1"}],"replies":[{"embeddable":true,"href":"https:\/\/www.prejezdbeskyd.eu\/index.php?rest_route=%2Fwp%2Fv2%2Fcomments&post=10"}],"version-history":[{"count":47,"href":"https:\/\/www.prejezdbeskyd.eu\/index.php?rest_route=\/wp\/v2\/pages\/10\/revisions"}],"predecessor-version":[{"id":395,"href":"https:\/\/www.prejezdbeskyd.eu\/index.php?rest_route=\/wp\/v2\/pages\/10\/revisions\/395"}],"wp:featuredmedia":[{"embeddable":true,"href":"https:\/\/www.prejezdbeskyd.eu\/index.php?rest_route=\/wp\/v2\/media\/8"}],"wp:attachment":[{"href":"https:\/\/www.prejezdbeskyd.eu\/index.php?rest_route=%2Fwp%2Fv2%2Fmedia&parent=10"}],"curies":[{"name":"wp","href":"https:\/\/api.w.org\/{rel}","templated":true}]}}

<p><span style="font-size: 14pt; font-family: helvetica, arial, sans-serif;">Tři tradiční horské chaty na hřebenech Moravskoslezských Beskyd a Javorníků &#8211; <strong>chata <span style="color: #3366ff;"><a style="color: #3366ff;" href="http://www.chataprasiva.cz" target="_blank" rel="noopener noreferrer">Prašivá</a></span>, <span style="color: #3366ff;"><a style="color: #3366ff;" href="http://chata-kminek.sk/sk/" target="_blank" rel="noopener noreferrer">Kmínek</a></span> a <span style="color: #3366ff;"><a style="color: #3366ff;" href="https://www.hotelportas.cz" target="_blank" rel="noopener noreferrer">Portáš</a></span></strong> &#8211; nabízejí jedinečnou možnost cykloturistického zážitku po hřebeni Beskyd s přenocováním na těchto třech chatách. A to vše v jednom balíčku za jednu příznivou cenu, navíc s dalšími bonusy.</span></p>
<p><span style="font-size: 14pt; font-family: helvetica, arial, sans-serif;">Návštěvník má možnost zažít jednak jedinečnou atmosféru tří horských chat s tradiční místní kuchyní a zároveň na vlastní smysly okusit zapadlé kouty Beskyd s hlubokými lesy, nečekanými samotami, divokou přírodou i nádhernými výhledy do malebných údolí Beskyd, absencí wifi, mobilního signálu, lanovek a zástupů turistů.</span></p>
<p><span style="font-size: 14pt; font-family: helvetica, arial, sans-serif;">Výhodou není pouze <strong><span style="color: #3366ff;"><a style="color: #3366ff;" href="http://www.prejezdbeskyd.eu/?page_id=17">cena</a></span> ubytování s polopenzí na třech chatách</strong>, ale i to, že vše objednáváte a platíte <span style="color: #3366ff;"><a style="color: #3366ff;" href="http://www.prejezdbeskyd.eu/?page_id=12"><strong>na jednom místě</strong></a></span>. Bezpečné uschování, případně i umytí a základní možnost servisu vašich bajků, včetně možnosti dobití těch elektrických, je také samozřejmostí, se kterou se počítá.</span></p>
<p><span style="font-size: 10pt;"><a href="http://www.chataprasiva.cz" target="_blank" rel="noopener noreferrer"><img loading="lazy" decoding="async" class="alignnone wp-image-299" src="https://www.prejezdbeskyd.eu/wp-content/uploads/2020/07/logo_prasiva_obdelnik_pozadi-1024x660.png" alt="" width="167" height="108" srcset="https://www.prejezdbeskyd.eu/wp-content/uploads/2020/07/logo_prasiva_obdelnik_pozadi.png 1024w, https://www.prejezdbeskyd.eu/wp-content/uploads/2020/07/logo_prasiva_obdelnik_pozadi-300x193.png 300w, https://www.prejezdbeskyd.eu/wp-content/uploads/2020/07/logo_prasiva_obdelnik_pozadi-768x495.png 768w" sizes="auto, (max-width: 167px) 100vw, 167px" /></a>                <a href="http://chata-kminek.sk/sk/" target="_blank" rel="noopener noreferrer"><img loading="lazy" decoding="async" class=" wp-image-287 alignnone" src="https://www.prejezdbeskyd.eu/wp-content/uploads/2020/07/logo_kminek.png" alt="" width="236" height="93" /></a>               <a href="https://www.hotelportas.cz" target="_blank" rel="noopener noreferrer"><img loading="lazy" decoding="async" class="alignnone wp-image-35" src="https://www.prejezdbeskyd.eu/wp-content/uploads/2019/08/portas-1024x652.png" alt="" width="161" height="102" srcset="https://www.prejezdbeskyd.eu/wp-content/uploads/2019/08/portas-1024x652.png 1024w, https://www.prejezdbeskyd.eu/wp-content/uploads/2019/08/portas-300x191.png 300w, https://www.prejezdbeskyd.eu/wp-content/uploads/2019/08/portas-768x489.png 768w, https://www.prejezdbeskyd.eu/wp-content/uploads/2019/08/portas.png 1909w" sizes="auto, (max-width: 161px) 100vw, 161px" /></a></span><span style="font-size: 10pt;"><img loading="lazy" decoding="async" class="wp-image-30 alignright" src="http://www.prejezdbeskyd.eu/wp-content/uploads/2019/08/ilustrace-267x300.png" alt="" width="101" height="113" srcset="https://www.prejezdbeskyd.eu/wp-content/uploads/2019/08/ilustrace-267x300.png 267w, https://www.prejezdbeskyd.eu/wp-content/uploads/2019/08/ilustrace-768x864.png 768w, https://www.prejezdbeskyd.eu/wp-content/uploads/2019/08/ilustrace-910x1024.png 910w, https://www.prejezdbeskyd.eu/wp-content/uploads/2019/08/ilustrace.png 1937w" sizes="auto, (max-width: 101px) 100vw, 101px" /></span></p>
<p>&nbsp;</p>
<p><img loading="lazy" decoding="async" class="aligncenter wp-image-390" src="https://www.prejezdbeskyd.eu/wp-content/uploads/2022/03/Hrave-pohranici_tmave.png" alt="" width="276" height="107" srcset="https://www.prejezdbeskyd.eu/wp-content/uploads/2022/03/Hrave-pohranici_tmave.png 1008w, https://www.prejezdbeskyd.eu/wp-content/uploads/2022/03/Hrave-pohranici_tmave-300x116.png 300w, https://www.prejezdbeskyd.eu/wp-content/uploads/2022/03/Hrave-pohranici_tmave-768x297.png 768w" sizes="auto, (max-width: 276px) 100vw, 276px" /><br />
<img loading="lazy" decoding="async" class="aligncenter  wp-image-392" src="https://www.prejezdbeskyd.eu/wp-content/uploads/2022/03/logo_cz_pl_eu.png" alt="" width="824" height="79" srcset="https://www.prejezdbeskyd.eu/wp-content/uploads/2022/03/logo_cz_pl_eu.png 887w, https://www.prejezdbeskyd.eu/wp-content/uploads/2022/03/logo_cz_pl_eu-300x29.png 300w, https://www.prejezdbeskyd.eu/wp-content/uploads/2022/03/logo_cz_pl_eu-768x74.png 768w" sizes="auto, (max-width: 824px) 100vw, 824px" /></p>
<p>&nbsp;</p>

<p>Tři tradiční horské chaty na hřebenech Moravskoslezských Beskyd a Javorníků &#8211; chata Prašivá, Kmínek a Portáš &#8211; nabízejí jedinečnou možnost cykloturistického zážitku po hřebeni Beskyd s přenocováním na těchto třech chatách. A to vše v jednom balíčku za jednu příznivou cenu, navíc s dalšími bonusy. Návštěvník má možnost zažít jednak jedinečnou atmosféru tří horských chat s tradiční místní kuchyní [&hellip;]</p>
